 the prime factors of (-2)/(-8) + m/(-16).
41
Let n = 32 + 223. What are the prime factors of n?
3, 5, 17
Suppose 2*b - 4*b = 12. Let i be b/((-3)/1) - -54. Suppose -i = -4*z + 20. List the prime factors of z.
19
Let f(a) = 3*a**2 + 6*a + 1. List the prime factors of f(-4).
5
What are the prime factors of ((-4)/(-8) - 1)*-62?
31
Suppose 5*k = -g - g + 12, 4*g + 3*k - 10 = 0. Let w be g - 3 - (-3 - 1). Suppose -w = 3*o - 32. What are the prime factors of o?
2, 5
Let f = 157 - 34. List the prime factors of f.
3, 41
Suppose -4*j - 15 = 5. Suppose t + 4*t - x - 41 = 0, 2*t - 2 = 4*x. Let h = j + t. What are the prime factors of h?
2
Let r(x) = x**3 - x + 9. Let a be r(0). Suppose a*z + 54 = 12*z. What are the prime factors of z?
2, 3
Suppose -7*z = -6*z - 3. Suppose -2*r + 20 = z*r. What are the prime factors of r?
2
Suppose -d - 4*d = -15. Suppose 9 - 3 = 2*r. Suppose 0 = d*q - y - 50, -r*y + y = q - 19. What are the prime factors of q?
17
Let t(q) = 7*q**3 + q**2 - 2*q + 1. Let s(x) = x**2 + x - 1. Let r = -4 - -5. Let n be s(r). What are the prime factors of t(n)?
7
List the prime factors of (1 - 0)/((-39)/(-2691)).
3, 23
Suppose 2*z - 74 = 4*n + 286, -3*z = 4*n + 380. List the prime factors of 2/3 - n/6.
2
Suppose 3*y - 206 = -4*x, x - 277 = -5*y + 72. What are the prime factors of y?
2, 5, 7
Suppose -4*i + 58 = 3*m - 0*i, -2*i = -2*m + 34. What are the prime factors of m/(-12)*34/(-3)?
17
Let i(w) = -3*w + 3. Let q = -4 - -10. Let r be i(q). What are the prime factors of (1/(-3))/(1/r)?
5
Let x = -9 + 27. Let c = x - 6. Suppose -2*o - s + 5 + c = 0, -4*o + s = -37. List the prime factors of o.
3
Suppose m + 25 = 2*m. Suppose 4*z - 5*b = -2 + 67, 5*b = -m. List the prime factors of z.
2, 5
Suppose -7*l + 160 + 183 = 0. What are the prime factors of l?
7
Let l(w) = -2*w - 2. Let c be l(-4). Suppose 5*s - 34 = -4*b, -4*s + 3 = -4*b - 17. Suppose -c = -s*f + 3*f. List the prime factors of f.
2
Let z = -24 + 45. What are the prime factors of z?
3, 7
Let u = 2 - 1. Suppose v - u = 3. Suppose v*q = -0*q - 3*p + 38, 2*q - 2*p - 12 = 0. What are the prime factors of q?
2
Let i be 3 - (0 + (-16)/1). Suppose x + i = 103. Suppose 0 = 5*l - x + 19. What are the prime factors of l?
13
Let q be 3 + 6/(-2) + 3. Suppose y - q*u = 2*y - 17, -5*y - 4*u = -30. List the prime factors of y/(6/9) + 3.
2, 3
Let l = 62 - 30. Let k = -13 + l. Suppose -o + 3*p = -k, 5*o - 2*p - 56 = -0*o. List the prime factors of o.
2, 5
Let b(i) = -2*i**3 + 5*i**2 + 7*i + 3. List the prime factors of b(-3).
3
Let b = -21 - -41. Suppose 4*w - b = -3*u, u - 6*w + 2*w = -4. What are the prime factors of u?
2
Let y = -198 - -299. What are the prime factors of y?
101
What are the prime factors of (309/3)/(-1)*-1?
103
Let l be 77/3 - 1/(-3). Let d be (-3)/2 + 0 + (-2)/(-4). What are the prime factors of (d/(-1))/(2/l)?
13
Suppose 0 = 3*b + 5*i - 57, 68 = 5*b - 5*i - 27. List the prime factors of b + (1 - 2)*3.
2
Let j(n) be the second derivative of n**6/360 - n**5/30 + n**4/8 + n**3/2 - 3*n. Let w(k) be the second derivative of j(k). List the prime factors of w(6).
3, 5
Suppose i + 349 = 4*u, -2*u - i + 347 = 2*u. What are the prime factors of u?
3, 29
Let a(h) = -h**3 + 2*h - 3. Let c be a(-4). Let w = c - 11. Suppose 2*x + w = 4*t, -3*t - 3*x + 12 = 2*x. What are the prime factors of t?
3
Let p be (116/(-12)*-3)/(-1). Let y = -16 - p. List the prime factors of y.
13
Let x = -1 - -57. Let t = -36 + x. What are the prime factors of t?
2, 5
Suppose 0 = 3*v + v - 12. Let c(f) = 1 + 3 - 3 - v*f. List the prime factors of c(-3).
2, 5
Let n be ((-45)/(-10) - 4)*160. Let q = -10 + 16. Suppose q*k = k + n. What are the prime factors of k?
2
Let j(k) = k + 23. List the prime factors of j(-17).
2, 3
List the prime factors of (243/2 + -3 + 3)*2.
3
Suppose -3*v = 4*v + 28. Let l(h) = h - 3*h - 3 - h. List the prime factors of l(v).
3
Suppose 0 = -5*h - y - 12, 2*y = -h - 6 - 0. Let n(f) = 0*f + f - 5*f. List the prime factors of n(h).
2
List the prime factors of ((-10)/(-4))/((-5)/(-70)).
5, 7
Let q(z) be the second derivative of -5/2*z**2 - 1/2*z**4 - 1/3*z**3 + 0 - 3*z - 1/20*z**5. What are the prime factors of q(-6)?
7
List the prime factors of (279/(-12))/((-12)/32).
2, 31
Suppose -5*h - u = -327, -5*h + 6*u + 315 = u. List the prime factors of h.
5, 13
Suppose 2*z - 5*z + 180 = 0. List the prime factors of z.
2, 3, 5
Let i = 19 + 13. What are the prime factors of i?
2
Suppose 4*d + 5 - 17 = -4*c, 2*c = -3*d + 6. Let o be 0/(2*(2 + -1)). Suppose -b + d*b + 6 = o. What are the prime factors of b?
2, 3
Suppose 4*r = -h + 64, -2*h = r - 59 - 34. List the prime factors of h.
2, 11
Suppose -4 - 6 = 2*a. List the prime factors of (-5)/(-2)*(-3 - a).
5
List the prime factors of 3 + (-3 - 356/(-2)).
2, 89
Suppose -175 = -0*w - 3*w - 5*y, -y + 256 = 4*w. List the prime factors of w.
5, 13
Suppose -4*d = -2*d - 304. List the prime factors of d.
2, 19
Let x be (-3)/((-1)/(-39)*-1). Suppose -3*b = 3*y - x, -5*b + 3*y + 159 + 36 = 0. What are the prime factors of b?
3, 13
Suppose 37 = 2*z + 5. Suppose 0 = -5*v - 6 + z. Suppose -f + 24 = v*f. What are the prime factors of f?
2
Let q = 295 + -121. List the prime factors of q.
2, 3, 29
Suppose 6*g - 36 = -2*s + 4*g, -3*g = 2*s - 38. List the prime factors of s.
2
Let p(m) be the first derivative of -1 + 2*m + 3/2*m**2. What are the prime factors of p(4)?
2, 7
Let m = 3 - -3. Let w = 3 - 6. Let v = m - w. List the prime factors of v.
3
Let v = 26 + -23. What are the prime factors of v?
3
Let z(k) = -k + 2. Let x be z(2). Suppose 5*g = -5, -2*q + g - 2*g - 3 = x. List the prime factors of (18/(-4) - q)*-2.
7
What are the prime factors of (-3)/(65/(-25) - -2)?
5
Let s(p) = -2*p**3 + 15*p**2 + 3*p + 13. List the prime factors of s(7).
83
Suppose 40 = -q + 5*q. Suppose 0 = -2*w + 18 + q. What are the prime factors of w?
2, 7
List the prime factors of (25 + -39)*6/(-14).
2, 3
Suppose 5*v + 4 = v. Let d(u) = -15*u**3 - u**2 - u - 1. What are the prime factors of d(v)?
2, 7
Let d = 7 - 10. What are the prime factors of 1 + (-131 + -1)/d?
3, 5
Let d be -36*(-3 + (-12)/(-8)). Suppose 1 = 5*g - d. List the prime factors of g.
11
Let b(o) = o - 3. Let h be b(8). Suppose -5*y + h*q - 2*q + 42 = 0, -2*q = -2. What are the prime factors of y?
3
Let g be ((-6)/10)/(2/(-20)). Suppose n = -g + 19. What are the prime factors of n?
13
Suppose 2*a + 11 = 5. Let k be -1 + 1 - (a + -2). Suppose u - 12 = d + 2*d, 3*u + k*d = 8. What are the prime factors of u?
2, 3
Suppose -5*q = -2*q. Suppose -4*u - 82 + 210 = q. What are the prime factors of u?
2
Let l = 15 - 32. Let p = 27 + l. What are the prime factors of p?
2, 5
Let n(a) be the first derivative of 14*a - 1/2*a**2 - 1. What are the prime factors of n(0)?
2, 7
Let m be -1*(-2 - 0) - 2. Suppose -s + 3 + 3 = m. Suppose -2*l + s = 0, -4*r + 0*l + 2*l = -30. What are the prime factors of r?
3
Let u(p) be the first derivative of 9/2*p**2 - 1/3*p**3 + 3 + 7*p. What are the prime factors of u(9)?
7
Suppose -3*j - 19 = 3*n - 4*n, 2*n - j - 18 = 0. Suppose 3*p - 1 + n = 0. List the prime factors of p + (-28)/(-2) + -2.
2, 5
Let u(g) = -g**2 + 5. Let q be u(0). Suppose -21 = -q*i + 4*i. What are the prime factors of i?
3, 7
Suppose 0*w - 6 = -2*w. Suppose -2*z = -w*x - 9, 4*x - 57 = -6*z + z. Suppose g - 4*l - 16 = -0*l, -l + z = 3*g. List the prime factors of g.
2
Suppose 5*c - 7*c = -70. What are the prime factors of c?
5, 7
Let q(t) = t**3 + 2*t**2 - 2*t - 1. Let j be q(-2). Suppose 2*m - 2*x = 84, -m + 5*m - j*x - 163 = 0. Suppose -12 + m = 5*n. What are the prime factors of n?
5
Suppose -5*d + 76 = -124. Suppose 2*v = -r - 0*r + d, 5*r - 5*v - 185 = 0. List the prime factors of r.
2, 19
Let q be 3/(-12) + (-197)/(-4). Let p = q + -26. What are the prime factors of p?
23
List the prime factors of 38 - (-2)/(-2 + 0).
37
Let b(s) = 60*s - 2. Let u be b(2). Let w = u - 76. What are the prime factors of w?
2, 3, 7
Let l(p) = 9*p**2 + 3*p + 1. What are the prime factors of l(-2)?
31
Let d(n) = n**2 - 8*n + 4. Let u be d(8). Suppose 2*q = u*q - 2. List the prime factors of q/(-4) - 21/(-4).
5
Let p(s) = -s**3 + 7*s**2 - 5*s - 6. Let j be p(6). Suppose -2*h - 5*a + 79 = 0, j*h - 5*a - 89 = -2*h. What are the prime factors of h?
2, 3, 7
Let